 x = a - 63. Let z = -12 - x. What is the units digit of z?
7
Let d(y) = -y**3 + 6*y**2 + 5*y + 6. What is the hundreds digit of d(-5)?
2
Suppose 4946 = 13*r - 9536. What is the hundreds digit of r?
1
Let o be 2/(-2 - 0) - -4. Let c be 979/33 - (-2)/(-3). Suppose 2*r - o = c. What is the tens digit of r?
1
Let x(l) = 6*l**3 + 17*l**2 + 22*l + 8. Let h(f) = 5*f**3 + 16*f**2 + 21*f + 8. Let v(m) = -5*h(m) + 4*x(m). What is the tens digit of v(-11)?
5
Let k = -77 - -37. Let m = 58 - k. What is the tens digit of m?
9
Let r = -14 - -19. Suppose 24 = r*x - 3*x. What is the units digit of 286/x + 2/12?
4
Let d = 6 - -1. Let b(p) = -p**3 + 9*p**2 - 10*p - 2. Let t be b(d). Suppose 17 = 2*m - l, 2*l - t = -5*m - l. What is the units digit of m?
7
Suppose 3*h = 2*h + 14. Let y = 128 - 112. Let d = y - h. What is the units digit of d?
2
Suppose 529 - 3959 = 10*f. Let l = -174 - f. What is the tens digit of l?
6
Let t = -285 + 607. What is the units digit of t?
2
Suppose 6*j - 106 = -4. Let q = 118 - j. What is the hundreds digit of q?
1
Suppose 0 = -2*f + 2*t, 7*f - 6*f + 4*t = -5. What is the hundreds digit of (-1 + 6 + -4)*(179 - f)?
1
Let o = 97 + -57. Suppose o = 4*r - 4. Suppose k + k + 2 = 3*p, 3*k - r = p. What is the units digit of p?
4
Suppose 121 = 2*b - 5*y - 72, -5*b = -3*y - 492. What is the tens digit of b?
9
Suppose 108 = 8*t - 4*t. Let l = t - 19. Suppose l*q - 264 = 2*q. What is the units digit of q?
4
Let a = 89 - 220. Suppose -2*f + p = 176, -f - 3*p + 8*p - 97 = 0. Let c = f - a. What is the units digit of c?
4
What is the tens digit of (1 - -5) + 4660/10?
7
Suppose 2*g = -2 + 8. Suppose -o + 78 = -g. Suppose 5*i - o = -31. What is the units digit of i?
0
Suppose 11*a = 2*a - 18. What is the hundreds digit of 173 + 2 + 1 + a?
1
Let o = 74 + -40. Suppose 0 = 4*m + 1 + 7. Let l = m + o. What is the units digit of l?
2
Suppose -3*b - 3*j = 318, -5*b + b + 2*j - 406 = 0. Let t = -16 - b. What is the tens digit of t?
8
Let r = -25 - -26. What is the tens digit of 4/4 - r*-19?
2
Let q be ((-7)/(-14))/(-3*(-1)/1326). Let u = 328 - q. What is the units digit of u?
7
Let d = -6 - -9. Suppose -5*o + d*o = 0. Suppose 2*s - 7 - 15 = o. What is the tens digit of s?
1
What is the units digit of 204/(-238) + (-2 - 152/(-14))?
8
What is the tens digit of ((-2)/3)/(-4 - 172978/(-43251))?
0
Suppose 3*r + 8 = 5*r. Let b(i) = 28*i + 10. What is the tens digit of b(r)?
2
What is the hundreds digit of ((-1)/3)/((-3)/3933)?
4
Let j(d) = 2*d**2 + 12*d - 2. What is the hundreds digit of j(-11)?
1
What is the units digit of 207 - ((-22)/(-33))/((-2)/(-9))?
4
Suppose -g - 2*g + 12 = 0. Suppose g*i - 269 = 331. What is the tens digit of i?
5
Let z(k) = -k - 14. Let b be z(-14). Suppose b = -4*q - 5*u - 0 + 197, 2*u + 142 = 3*q. What is the tens digit of q?
4
Let y = -77 + 87. Suppose 0 = -3*l - 3*t + 330, 0*t + y = 5*t. What is the hundreds digit of l?
1
Let n(c) = 6*c - 7. Let h be n(2). Suppose -5*j + 73 = 4*t, t + j + 67 = h*t. What is the tens digit of t?
1
Let a(c) = 18*c**2 - 6*c + 3. What is the tens digit of a(-7)?
2
Let l(w) be the second derivative of -w**6/72 + w**5/40 + 2*w**4/3 - 13*w. Let h(k) be the third derivative of l(k). What is the tens digit of h(-5)?
5
Let z(h) = 6*h**2 + 8*h + 10. Let r = 5 - 9. Let u be z(r). Suppose 0 = -3*m + 4*i + 91, 2*m + 5*i = u - 21. What is the units digit of m?
9
Suppose 0 = 4*c - 3*t - 1831, c - 43 = 2*t + 416. What is the hundreds digit of c?
4
Suppose -z + 566 = 2*w + 203, 0 = -2*z + w + 746. What is the units digit of z?
1
What is the hundreds digit of -6 - -2 - (-1336 + 1)?
3
Let m(h) = 2*h - 22. Let o be m(11). Let f(v) = v**2 - v. Let w(t) = 5*t**2 - 4*t - 27. Let c(x) = 4*f(x) - w(x). What is the tens digit of c(o)?
2
Let p = 373 + 123. What is the units digit of p?
6
Suppose -p + 2281 = 3*z + 174, -5*p + 2087 = 3*z. What is the tens digit of z?
0
Let o(r) = 14*r**3 - r**2 - 2*r + 1. Let b be o(2). Suppose -2*z = -3*y - 199, 0 = 3*z - 5*y - b - 195. What is the tens digit of z?
9
Suppose 4 = 9*h - 23. Suppose t - 241 = -3*m + m, t + h*m - 238 = 0. What is the units digit of t?
7
Suppose 3758 = 17*w - 543. What is the hundreds digit of w?
2
Suppose -926 - 277 = -3*n. What is the hundreds digit of n?
4
Let a(g) = -2*g - 26. Let c be a(11). Let q = -57 + 33. Let x = q - c. What is the tens digit of x?
2
Suppose 3*i + 290 = 2*l, -7*i + 4*i = -l + 139. What is the units digit of l?
1
Let t be -1 - 1 - (-14)/2. Let y be (3/9)/(t/45). Suppose p + 3*g - 50 = 0, -15 = -y*p - 5*g + 119. What is the tens digit of p?
3
Let q = 2 - 2. Suppose 2*x + 2*x - 4*f - 240 = q, f + 252 = 4*x. What is the units digit of ((-3)/2)/((-24)/x)?
4
Let a = 40 + -50. What is the tens digit of 124 - ((-230)/(-50) + 6/a)?
2
Suppose -53*m = -55*m + 914. What is the hundreds digit of m?
4
Suppose -5*j + 3*f + 847 = 0, 5*f + 753 - 65 = 4*j. Let s = 151 + j. What is the units digit of s?
8
Let z(f) = -3*f**2 - 48*f - 20. What is the tens digit of z(-14)?
6
Let u(s) = 2*s**2 - 39*s - 62. What is the units digit of u(28)?
4
Suppose -j = -4*h - 5, -12 = 5*j - h - 37. Let x(p) = 26*p + 16. What is the units digit of x(j)?
6
Suppose -3*h + 2073 - 186 = 0. What is the hundreds digit of h?
6
Suppose 12*b - 9*b = 5220. Suppose 6*t = -4*t + b. What is the units digit of t?
4
Let v(y) = -y**2 - 7*y - 8. Let w be v(-7). Suppose 0*i = -2*i - 2*k - 6, -k = -2. Let z = i - w. What is the units digit of z?
3
Let c(p) = -p**3 - 9*p**2 + 5*p - 17. Let l be c(-10). Suppose 2*i + i = 6. Suppose -d = y - 20, -4*y - l - 31 = -i*d. What is the units digit of d?
4
Suppose 3*b = -5*c + 2583, -2*b - 768 = -4*c + 1294. What is the units digit of c?
6
Suppose 4*b - 3*p - 1656 = 1098, -3*p - 6 = 0. Suppose 5*o = -242 + b. What is the tens digit of o?
8
Let f(i) = i**3 + 9*i**2 + 6*i - 10. Let g be f(-8). Suppose 0 = -g*t - 0*t + 282. What is the units digit of t?
7
What is the units digit of (63/(-6))/((-15)/250)?
5
Let r(s) = s**3 - 12*s**2 + 7*s - 19. Suppose a - 13 = 2*q + 1, -5*a - 3*q = -57. What is the tens digit of r(a)?
6
Let q be (-15)/(-6) + (-4)/(-8). Let f = q - 3. Suppose -2*b + b + 19 = f. What is the tens digit of b?
1
Let k(a) = 39*a**2 - 15*a + 15. What is the tens digit of k(1)?
3
Suppose -2*u - 98 = 5*j, 5*u - 2 - 3 = 0. Let o be ((-18)/(-10))/((-6)/j). Suppose 3*h = 2*n + o*h - 65, 2*h = -3*n + 105. What is the tens digit of n?
3
Suppose 13*h = 16*h - 12. Suppose 0 = -h*a - 10*a + 224. What is the units digit of a?
6
Let h = 3509 - 1494. What is the tens digit of h?
1
Let j(c) = 7*c + 145. What is the units digit of j(-15)?
0
Let s = 846 - 220. What is the units digit of s?
6
Let x(t) = 29*t - 6. Suppose 4*k = 2*k + 4. What is the tens digit of x(k)?
5
Suppose 1371 = -14*m + 12683. What is the hundreds digit of m?
8
Suppose -3*z = -2*z - 2. Suppose 0 = y - 6*y + 25, 4*c - 2*y = -z. What is the units digit of c/6 - 85/(-15)?
6
Let i(u) be the second derivative of u**4/12 - u**3 - 13*u**2/2 + 5*u. What is the units digit of i(8)?
3
Suppose -5*n + 1599 = -3*q, 0 = n - q - 4*q - 333. What is the hundreds digit of n?
3
Let p(x) = 38*x**2 + 2. Let s be p(-2). Suppose 0 = 4*r - 4*t - 112, s = 5*r + 3*t - t. What is the units digit of r?
0
Suppose 0 = -c + 2*o - 0*o + 1079, 4*c - 4288 = o. What is the thousands digit of c?
1
What is the tens digit of (5 - 10) + (-1)/((-2)/2412)?
0
Let v(k) = -4*k**2 - 3*k - 2. Let u be v(-3). Let r be (u + -1)/((-12)/40). Suppose 4*n + 0*c + 3*c = r, -2*c + 75 = 3*n. What is the tens digit of n?
2
Suppose 4*k - 393 = -5*s - 54, 0 = 3*k - 3*s - 288. Let r = k + -60. What is the tens digit of r?
3
What is the hundreds digit of 415 - (3 - (-28)/(-8))*8?
4
Suppose 4*v - 8 = 2*x - 4*x, 0 = -5*x - 4*v + 20. Let a = x - -6. What is the tens digit of a?
1
Suppose -2*j = -j - 5*l + 2, 0 = 5*j - 5*l - 30. Suppose z = -z + j. What is the tens digit of (z - 3)*(-1 + 48)?
4
Suppose -5*f - 3*l + 704 = 0, 152 = f + 80*l - 85*l. What is the tens digit of f?
4
Suppose 5*l + 2134 = 8944. What is the thousands digit of l?
1
Let j = -5 + 13. Let c = -5 + j. Suppose 2*i + 34 = 4*l, -c*l + i + 26 + 1 = 0. What is the tens digit of l?
1
Suppose 2*l - 348 = 3*r, l = 3*l + 4*r - 320. What is the hundreds digit of l?
1
Let h = 8 + -12. Let r be